). Calculate t(6).
-5
Let y(i) = -2*i + i**3 - 9*i**2 + 1 + i - i - 8. Suppose -3*f + 2*m + 24 = m, -3*m = -5*f + 36. Calculate y(f).
-25
Let v be 1/((-4)/(-100)) - (0 - 0). Let q(c) = 6*c + v + 23 - 45 + c**2. Determine q(-3).
-6
Let x be -15*-3*3/27 - 2. Let h(f) = 1 + 8*f**2 - 18*f**2 - f + 18*f**2 + f**x. Determine h(-8).
9
Let c(k) be the first derivative of -k**5/20 - k**4/3 - 2*k**3/3 - 3*k**2/2 - 6*k - 31. Let p(a) be the first derivative of c(a). Determine p(-2).
-3
Let f(b) = -6*b**2 - 13 + 7*b**2 + 19*b + 5 - 30 - 14. Calculate f(-21).
-10
Let u(l) be the second derivative of -l**4/12 + 2*l**3/3 - l**2/2 - 225*l. Suppose 4*a + 20 = 2*j, -4*j + 4 + 9 = a. Determine u(j).
-1
Let j be (-5)/(-3) + (-2)/3. Let f(q) = 4174950*q - 8349892*q - 2 - 2*q**2 + 4174945*q. What is f(j)?
-1
Let n(x) = 7*x**2 - 34*x + 10. Let q be (-39)/5 - (-8)/10. Let z(u) = 10*u**2 - 51*u + 16. Let p(s) = q*n(s) + 5*z(s). What is p(16)?
-6
Let l(w) = 2*w**2 - 36*w - 11. Let i be ((-12)/5)/((-612)/4760) + 4/(-6). What is l(i)?
-11
Let j(t) = -t + 54. Let y = -46380 + 46397. Give j(y).
37
Let o(y) be the third derivative of 11*y**4/24 - 10*y**3 + 3088*y**2. Give o(7).
17
Let y(l) be the first derivative of 1/2*l**3 - 6*l - 1/2*l**2 - 14. Let o(m) be the first derivative of y(m). Determine o(-3).
-10
Let n(l) = l**2 + 44*l + 101. Let i be n(-42). Let m(x) = i*x**2 + 0*x**2 - 7*x**2 - 3*x - 5*x**2 - 4 + x**3. What is m(-4)?
24
Let m(v) = v**2 + 6*v - 11. Let q = 27 + -33. Calculate m(q).
-11
Suppose -8*g + 77 = -3*n, 4*n + 3 = -4*g + 47. Let u(m) = -m**3 + 15*m**2 - 50*m + 5. What is u(g)?
5
Let u(f) = -f**2 - 10*f - 1. Suppose 0 = 44*n - 49*n + 15. Suppose -3*w + 5*r = 15, -21 = -5*w - n*r - 80. Give u(w).
-1
Let l(f) = f**2 + f - 4. Let q(k) = -8*k**3 - 2*k**2 - 3*k - 2. Let v be q(-1). Suppose -j + 3 - v = 4*y, -4 = -y + j. Determine l(y).
-4
Suppose -8*w - 9*w = -12*w. Suppose w = -25*k + 22*k + 9. Let m(u) = u - 3*u**3 - 21*u**2 - 5 + 0*u**k + 2*u**3 + 27*u**2. Give m(6).
1
Suppose 568 = -35*y - 144*y - 330 + 182. Let l(j) = 2*j + 1 - j + 2. What is l(y)?
-1
Let a be (10/35 - (-2152)/(-84))*-6. Let z(m) = -3 - 151*m + a*m + 1 - 1. Suppose 0*d - 3*d + 15 = 0. Calculate z(d).
2
Let v(w) be the second derivative of w**5/20 + w**4/12 - 2*w**3/3 + 3*w**2 - 53*w. Let c(k) = -k**3 + 4*k - 6. Let a(f) = 6*c(f) + 5*v(f). Calculate a(5).
14
Let u(f) = 6*f + 2. Let i(r) = r + 1. Let m be i(1). Let t be m - (3 + 0 + 0). Let y be 0 + -3 + (0 - t). Determine u(y).
-10
Let j(x) = -57*x + 247. Let i be j(16). Let y = -666 - i. Let t(p) = p + 2. Calculate t(y).
1
Let m be 3*4/6 + -1. Let y(h) = 2*h + 2. Let z(c) = c**2 + c + 1. Let x(i) = m*y(i) - 3*z(i). Suppose 11*o - 33 + 96 = 41. Calculate x(o).
-11
Suppose -4*m = -69 - 195. Suppose 30*l + m + 84 = 0. Let n(f) = -f - 4. Give n(l).
1
Let a(f) be the third derivative of 0 + 1/60*f**5 + 0*f + 2/3*f**3 + 58*f**2 + 1/3*f**4. Calculate a(-3).
-11
Suppose -3*y - 3*m + 3 = 0, 4*y = 4*m - 7 + 35. Let d(i) = -225 + 112 + y*i**2 + 4*i + 111. Give d(-2).
6
Let n = -4094 - -4094. Let j(m) = -5*m**2 - m**2 + 1 + 7*m**2 + m - 2*m**2. What is j(n)?
1
Let f(x) be the third derivative of 7*x**6/24 + x**5/20 - x**4/24 - x**3/2 - x**2 + 64*x + 11. What is f(-1)?
-34
Let v be (-4)/(-1) - (3 + -2). Let n(x) = x**3 - 4*x**3 - 6*x - 12 + 2*x**v - 6*x**2. Let l be n(-5). Let o(w) = w + 1. What is o(l)?
-6
Let r(a) be the third derivative of -13*a**4/24 - 19*a**3/2 + 3*a**2 - 5*a - 143. Calculate r(-5).
8
Let d be (-3)/12 + 0 - (-25)/4. Let z(y) = -d + 0 + 77*y - 67*y - 5 + y**2. Give z(-11).
0
Let n(d) = -5*d**3 + 2*d**2 - 3. Let c(g) = g**3 + 52*g**2 + 58*g + 359. Let u be c(-51). Determine n(u).
-35
Let i(q) = -q**2 - 1. Suppose 2*k - 16*k = -47*k - 33. Give i(k).
-2
Let r be (-4)/12*3/(-12). Let o(n) be the third derivative of 0 - 9*n**2 + 5/24*n**4 + 0*n - r*n**5 - 1/120*n**6 - n**3. What is o(-6)?
0
Let b(l) = -l**2 - 13*l + 30. Let a(z) = -66*z**2 + 189*z + 10. Let s be a(3). Determine b(s).
-38
Let d = -5231 + 5238. Let f(t) be the second derivative of -t**5/20 + t**4/2 + 2*t**3/3 + 10*t**2 - 15*t. What is f(d)?
-1
Let g(m) = 14*m - 155. Let i(l) = -13*l + 133. Let b(t) = -6*g(t) - 7*i(t). Let k be (-4)/14 + (-10)/14. Determine b(k).
-8
Let r(f) = 2*f - 4. Let l be 459/(-3) + -2 + (0 - -1). Let i = l - -162. Determine r(i).
12
Let p(b) = -b**2 + 10*b - 32. Suppose -63*l - 358 - 386 = -187*l. Calculate p(l).
-8
Let j(r) = -2*r**2 + r - 3. Let q = 8 - 4. Let v(x) = 3*x**2 + 3. Let w(l) = q*j(l) + 3*v(l). Suppose -5*o - 18 = 2*g, 0 = -3*o - 2*g - 20 + 10. Determine w(o).
-3
Let g(c) = -1583*c + 175. Let n(j) = -2532*j + 262. Let d(z) = -8*g(z) + 5*n(z). Determine d(9).
-54
Let g(r) = -6*r**2 - 7*r - 2. Suppose 2*k = -3*c - 13, -43*c + 39*c = 3*k + 18. What is g(k)?
-12
Let l(m) = 5*m + 484 - 480 - 18*m**2 + 17*m**2 - 3*m. Suppose 0*k - 5*k + 20 = 0. What is l(k)?
-4
Let t be (4/(-10))/(4/20). Let a(o) = 21*o + 377. Let p(x) = -42*x - 848. Let y(k) = 9*a(k) + 4*p(k). What is y(t)?
-41
Let r(n) be the second derivative of 7*n**4/12 - n**2/2 - 4090*n. Determine r(-2).
27
Let p = 233 - 230. Let y(n) = -3*n**3 + 11 - 5 - n**p + 5*n**3 - 8*n**2 + 5*n. What is y(7)?
-8
Let w be 1/(((-10)/(-12))/5). Let z(k) = 0*k - k + 2*k + w. Let c = -34147 - -34147. Give z(c).
6
Let q(p) = 2*p. Let r(o) = o**3 - 2*o**2 + 10*o - 36. Let g be r(3). Suppose -g*a + 12 = a. Give q(a).
6
Let y(p) = 3*p**3 + p**2 + 2*p - 1. Let n(u) = -10*u + 482. Let d be n(48). What is y(d)?
31
Let i(r) = r**2 + 7*r - 8. Let h(u) = u**3 + 10*u**2 + 3*u + 3. Suppose 4*a + 4 = 0, -3*x + a = -4*x - 9. Let o be h(x). Let t = -113 + o. What is i(t)?
-14
Let d(i) be the first derivative of i**3/3 - 5*i**2 - 8*i - 6380. Suppose -5*p + 52 = -y, -2*y - 5 = -1. Give d(p).
-8
Let d(f) be the third derivative of -f**6/120 + f**5/6 - 5*f**3/6 - 511*f**2. Calculate d(10).
-5
Let p be (-3)/(1 - (4/(-24) - 17/51)). Let i(f) = -f**2 - f + 1. Let j(n) = -n**2 - 2*n + 3. Let x(y) = -2*i(y) + j(y). What is x(p)?
5
Suppose -5*t + 20 - 10 = 0. Suppose 0 = t*r - 17 + 5. Let q(i) = 6 - 6 - 3 - i - r. Determine q(-4).
-5
Let z(i) = i - 2. Let k be z(8). Suppose 2*h = k*h - 8. Let p(u) = 600*u**2 - 296*u**2 + 3*u + u**3 - 299*u**h + 3. Determine p(-4).
7
Let p(v) = -2*v**2 + 5*v - 2. Let q = 4401 - 4398. Determine p(q).
-5
Let j = 511 + -358. Let r = j + -142. Let a(x) = x - 24. What is a(r)?
-13
Let u(t) = 10*t - 7 - 15*t + 74. Let y be u(15). Let k(o) = -2*o - 6. Determine k(y).
10
Let t(g) = -g - 5. Let c(i) = i**2 - 4*i**2 - 3 - 5*i + 6 + 6*i**3 - 6. Let a be c(-1). Give t(a).
2
Let o(z) = 0*z + 37 + 2*z + 31 - 72. Let j be (90/27)/(14/(-21)). Give o(j).
-14
Let q(x) be the third derivative of -x**5/60 + 13*x**4/24 + 4*x**3/3 + 1488*x**2. Give q(13).
8
Let u(w) = -w**3 + 5*w**2 + 5*w - 9. Let m be u(5). Suppose 3*i + o - 5*o - 23 = 0, i = 3*o + m. Let l(p) = 3*p. Determine l(i).
3
Let n(u) = -11*u + 13. Let w(f) = 2*f - 2. Let a(c) = 6*n(c) + 34*w(c). Let b(l) = -l**3 + 8*l**2 - 2*l - 26. Let o be b(7). Calculate a(o).
28
Suppose -210 = 8*s - 15*s. Let y(k) = -s*k - 1 + 25*k + 21*k. Give y(1).
15
Let b(i) = 15*i - 13. Let v(r) = 2*r - 5. Let n(j) = -b(j) + 6*v(j). Let l be (4 + -3)*(-3 - 5). Give n(l).
7
Let n(v) = -6*v - 3. Let k be (-2)/((-9 - -18) + -7). Calculate n(k).
3
Let l(z) be the first derivative of 921 + z - 908 + 3*z - z**2. Calculate l(-7).
18
Let p(n) = 45*n - 31. Let o be p(2). Suppose t - 264 = 4*j, 57 = 3*j - 2*t + 255. Let c = j + o. Let g(b) = 3*b + 9. What is g(c)?
-12
Let s(k) be the third derivative of k**6/120 + 7*k**5/30 + k**4/24 + 17*k**3/6 - 241*k**2. Suppose -p = 5*w + 14, 3*p - 4*w + 21 = -21. Calculate s(p).
3
Let z(k) = 2*k**3 - 2*k**2 - 2*k. Let i(p) be the second derivative of -p**3/3 + 5*p**2 + 21*p. Let j be i(2). Let b be (-25)/15*j/(-5). What is z(b)?
4
Suppose 4*m + 2*l + 48 = l, 3*l + 74 = -5*m. Let p(z) = z**3 + 11*z**2 + 14*z + 3. What is p(m)?
-37
Let w(u) = -u**2 + 11*u + 13. Suppose 77*k = -299 + 1069. Give w(k).
23
Let z be (-6 - 4)*(-4 + (-28)/(-8)). Let o(m) = m**3 - 4*m**2 - 3*m + 22. Determine o(z).
32
Let g(w) = 6*w + 44. Let i = -235 + 229. Let p be g(i). Let j(a) = -a**2 + 10*a - 11. What is j(p)?
5
Let c(k) be the third derivative of k**6/120 - 13*k*